e the highest common factor of 3268 and 172.
172
Calculate the greatest common factor of 375 and 6775.
25
What is the greatest common divisor of 100 and 50?
50
Calculate the greatest common factor of 153 and 187.
17
Calculate the highest common factor of 1008 and 16.
16
Calculate the highest common divisor of 88 and 136.
8
What is the highest common divisor of 11388 and 312?
156
What is the highest common factor of 156 and 3328?
52
What is the highest common divisor of 861 and 123?
123
What is the greatest common factor of 117 and 533?
13
Calculate the highest common divisor of 4187 and 53.
53
What is the greatest common divisor of 24 and 56?
8
What is the greatest common divisor of 27 and 1512?
27
What is the highest common factor of 9 and 96?
3
What is the greatest common divisor of 99 and 32076?
99
Calculate the highest common factor of 1024 and 8.
8
What is the greatest common factor of 17 and 5?
1
Calculate the highest common factor of 544 and 24.
8
What is the greatest common divisor of 5860 and 20?
20
Calculate the highest common divisor of 560 and 203.
7
What is the greatest common factor of 1242 and 18?
18
What is the greatest common factor of 42 and 28?
14
What is the highest common divisor of 524 and 4?
4
Calculate the highest common divisor of 270 and 9540.
90
What is the highest common divisor of 385 and 4697?
77
Calculate the greatest common factor of 78 and 36.
6
What is the greatest common divisor of 36 and 90?
18
What is the highest common divisor of 91 and 65?
13
Calculate the greatest common factor of 4266 and 54.
54
Calculate the greatest common divisor of 99 and 513.
9
Calculate the greatest common divisor of 435 and 165.
15
Calculate the highest common factor of 34 and 8534.
34
Calculate the greatest common divisor of 720 and 1530.
90
Calculate the greatest common factor of 1437 and 6.
3
Calculate the greatest common factor of 17 and 799.
17
What is the highest common divisor of 48 and 528?
48
What is the greatest common divisor of 1094 and 2?
2
Calculate the highest common divisor of 672 and 420.
84
Calculate the greatest common divisor of 52 and 1612.
52
Calculate the greatest common factor of 403 and 31.
31
What is the greatest common divisor of 1630 and 60?
10
Calculate the highest common factor of 54 and 126.
18
Calculate the highest common divisor of 308 and 6237.
77
Calculate the greatest common divisor of 403 and 52.
13
What is the greatest common divisor of 104 and 4940?
52
Calculate the highest common divisor of 323 and 4.
1
What is the greatest common divisor of 4383 and 18?
9
What is the highest common divisor of 28 and 413?
7
Calculate the greatest common divisor of 230 and 322.
46
What is the highest common factor of 9 and 261?
9
What is the greatest common divisor of 1160 and 3248?
232
What is the greatest common divisor of 15 and 105?
15
What is the greatest common divisor of 1189 and 319?
29
What is the greatest common divisor of 795 and 60?
15
What is the greatest common divisor of 57 and 304?
19
Calculate the greatest common factor of 29 and 20242.
29
Calculate the highest common divisor of 40 and 410.
10
Calculate the highest common divisor of 338 and 26.
26
What is the greatest common divisor of 72 and 468?
36
Calculate the highest common divisor of 504 and 99.
9
Calculate the greatest common divisor of 37835 and 705.
235
Calculate the greatest common factor of 1806 and 12.
6
What is the greatest common factor of 502 and 24?
2
What is the greatest common divisor of 782 and 34?
34
What is the highest common divisor of 15 and 555?
15
What is the greatest common factor of 833 and 5236?
119
What is the greatest common factor of 4698 and 45?
9
What is the greatest common factor of 48 and 1860?
12
Calculate the greatest common divisor of 84 and 144.
12
Calculate the highest common divisor of 1330 and 8778.
266
Calculate the highest common factor of 76 and 8.
4
Calculate the highest common factor of 1016 and 127.
127
What is the greatest common divisor of 52 and 208?
52
What is the greatest common factor of 363 and 3872?
121
Calculate the greatest common factor of 27 and 45.
9
What is the highest common factor of 28 and 77?
7
Calculate the greatest common factor of 15 and 213.
3
What is the highest common factor of 612 and 1156?
68
Calculate the highest common divisor of 16 and 688.
16
What is the highest common factor of 18 and 78?
6
Calculate the greatest common factor of 24 and 512.
8
Calculate the highest common factor of 147 and 39.
3
Calculate the highest common divisor of 2560 and 480.
160
Calculate the greatest common divisor of 143 and 7007.
143
What is the greatest common divisor of 403 and 962?
13
Calculate the greatest common factor of 2765 and 70.
35
Calculate the greatest common factor of 44 and 20.
4
What is the greatest common factor of 3080 and 448?
56
Calculate the highest common factor of 4028 and 532.
76
What is the highest common factor of 88 and 1342?
22
What is the highest common factor of 1295 and 666?
37
Calculate the highest common factor of 26 and 130.
26
What is the greatest common divisor of 410 and 10?
10
Calculate the highest common divisor of 55 and 385.
55
Calculate the greatest common divisor of 1547 and 68.
17
What is the greatest common factor of 70 and 378?
14
What is the greatest common factor of 1110 and 15?
15
What is the greatest common factor of 3 and 753?
3
What is the greatest common factor of 9 and 54?
9
Calculate the highest common divisor of 216 and 18144.
216
Calculate the greatest common factor of 2912 and 182.
182
What is the highest common divisor of 304 and 4028?
76
Calculate the greatest common divisor of 300 and 240.
60
What is the greatest common factor of 14 and 25?
1
Calculate the greatest common factor of 66 and 6666.
66
Calculate the greatest common factor of 448 and 7.
7
What is the greatest common factor of 380 and 10?
10
What is the greatest common factor of 2 and 3958?
2
Calculate the greatest common divisor of 1482 and 156.
78
Calculate the greatest common factor of 126 and 72.
18
What is the highest common divisor of 36 and 4?
4
What is the highest common factor of 14 and 6?
2
Calculate the greatest common divisor of 1360 and 320.
80
What is the highest common divisor of 3720 and 48?
24
What is the greatest common divisor of 960 and 330?
30
Calculate the highest common factor of 50 and 5075.
25
Calculate the greatest common divisor of 6706 and 14.
14
Calculate the highest common factor of 1727 and 628.
157
What is the highest common factor of 276 and 516?
12
Calculate the greatest common factor of 71 and 2.
1
What is the greatest common factor of 5 and 335?
5
Calculate the highest common divisor of 69 and 1104.
69
What is the highest common factor of 1 and 25?
1
Calculate the greatest common factor of 85 and 187.
17
Calculate the highest common factor of 1781 and 13.
13
Calculate the greatest common factor of 1066 and 26.
26
What is the highest common factor of 60 and 32?
4
Calculate the greatest common divisor of 550 and 100.
50
What is the highest common factor of 80 and 300?
20
What is the highest common factor of 480 and 2220?
60
What is the greatest common factor of 451 and 123?
41
Calculate the highest common divisor of 133 and 209.
19
Calculate the highest common factor of 2651 and 11.
11
What is the greatest common factor of 174 and 3422?
58
What is the greatest common factor of 315 and 175?
35
What is the greatest common divisor of 10 and 948?
2
What is the greatest common divisor of 196 and 217?
7
Calculate the highest common divisor of 1124 and 2.
2
Calculate the highest common divisor of 150 and 700.
50
What is the greatest common factor of 378 and 75222?
378
Calculate the highest common factor of 4893 and 21.
21
What is the highest common factor of 162 and 192?
6
What is the greatest common divisor of 408 and 72?
24
What is the greatest common divisor of 20775 and 525?
75
Calculate the highest common divisor of 600 and 5.
5
Calculate the highest common factor of 118 and 413.
59
What is the greatest common factor of 1834 and 14?
14
Calculate the highest common factor of 27 and 5481.
27
Calculate the highest common factor of 39 and 416.
13
Calculate the greatest common divisor of 171 and 99.
9
What is the greatest common divisor